rmine d(-18).
0
Let s(m) = m**2 - 96*m + 847. Calculate s(10).
-13
Let w(b) = -b**3 - 34*b**2 + 73*b + 7. Determine w(-36).
-29
Let x(z) = -z**2 - 65*z + 2369. Give x(27).
-115
Let t(m) = 757*m - 42380. What is t(56)?
12
Let w(t) = 101*t - 985. Calculate w(11).
126
Let k(s) = -s + 80. What is k(35)?
45
Let i(u) = 149*u - 1765. What is i(12)?
23
Let o(j) = -j**3 + 9*j**2 - 12*j - 14. Calculate o(4).
18
Let f(d) = -132*d - 957. Give f(-7).
-33
Let u(n) = 2*n**3 + 2*n**2 - 6*n - 12. Give u(3).
42
Let g(r) = 438*r + 16217. Determine g(-37).
11
Let p(c) = c + 28. Calculate p(-25).
3
Let v(s) = 2*s**2 + 63*s + 226. Give v(-4).
6
Let i(r) = r**3 + 140*r**2 + 292*r + 2210. Calculate i(-138).
2
Let i(a) = a**2 + 64*a - 681. What is i(9)?
-24
Let i(k) = 9*k**2 + 94*k + 122. Calculate i(-9).
5
Let k(n) = -2*n**2 - 22*n - 4. Give k(-9).
32
Let q(m) = 3*m**2 + 118*m + 673. Determine q(-6).
73
Let s(n) = 42*n**3 - n**2 + 49*n + 50. Calculate s(-1).
-42
Let p(c) = 217*c**3 + 865*c**2 - 16*c - 16. Calculate p(-4).
0
Let n(v) = -v**3 - 20*v**2 + 40*v - 86. What is n(-22)?
2
Let k(p) = p**3 - 5*p**2 + 19*p - 15. Give k(8).
329
Let k(o) = o**2 - 1175*o + 3513. Determine k(3).
-3
Let t(o) = -2044*o - 18420. What is t(-9)?
-24
Let l(c) = -3*c**2 + 409*c + 1561. Calculate l(140).
21
Let x(y) = 29*y - 94. Calculate x(7).
109
Let b(h) = 799*h - 6029. Determine b(7).
-436
Let y(o) = -o**3 + 4*o**2 + 32*o + 3. Calculate y(8).
3
Let k(z) = -z**2 - 102*z - 476. Determine k(-97).
9
Let r(k) = -k**3 - 30*k**2 + 37*k - 65. Calculate r(-31).
-251
Let l(s) = 2*s**3 - 3*s**2 - 25*s - 38. Calculate l(-2).
-16
Let v(j) = j**3 + 63*j**2 + 343*j + 15. What is v(-6)?
9
Let u(t) = 3813*t + 22881. Determine u(-6).
3
Let z(q) = -22*q - 1544. Calculate z(-67).
-70
Let m(y) = -y**3 + y**2 + 295. What is m(0)?
295
Let n(g) = -446*g - 2181. Determine n(-5).
49
Let d(p) = 6*p - 81. Determine d(11).
-15
Let r(t) = -16*t**3 + 3*t**2 + 7*t - 7. Give r(1).
-13
Let v(i) = 14*i - 450. What is v(33)?
12
Let k(y) = -y**2 - 50*y - 530. What is k(-16)?
14
Let i(v) = v**3 + 88*v**2 + 353*v + 1422. What is i(-84)?
-6
Let q(w) = -w**3 - 38*w**2 + 75*w - 133. Give q(-40).
67
Let j(p) = 2*p**2 + 76*p - 387. Determine j(-43).
43
Let t(p) = -p**2 - 103*p + 10925. Give t(65).
5
Let c(r) = -r**3 - 10*r**2 - 6*r + 72. What is c(-8)?
-8
Let j(k) = 2*k**2 + 80*k + 511. What is j(-6)?
103
Let f(m) = 82*m - 4052. Give f(50).
48
Let w(o) = 20*o - 313. Calculate w(17).
27
Let k(m) = -m**2 - 1594*m - 6359. Determine k(-4).
1
Let h(x) = -1459*x - 21967. What is h(-15)?
-82
Let r(n) = -17*n**2 + 787*n - 232. What is r(46)?
-2
Let x(w) = 16*w**2 + 87*w + 51. Calculate x(-7).
226
Let d(t) = -2*t**2 - 7737*t + 15479. Determine d(2).
-3
Let w(f) = -f**3 + 51*f**2 - 59*f + 452. Give w(50).
2
Let n(h) = h**3 - 5*h**2 - 31*h + 123. What is n(7)?
4
Let x(i) = 13*i**2 - 345*i - 160. What is x(27)?
2
Let m(t) = 5*t**3 + 13*t**2 - 6. Determine m(-7).
-1084
Let r(d) = -d**3 - 11*d**2 + 4*d - 2. Calculate r(-12).
94
Let i(v) = -v**3 + 2*v**2 - 6*v - 3. What is i(4)?
-59
Let q(o) = 36*o - 241. Determine q(7).
11
Let u(p) = -p**2 - 331*p - 2598. Determine u(-8).
-14
Let c(b) = 144*b - 8506. Give c(59).
-10
Let b(i) = -53*i**2 - 1377*i + 26. What is b(-26)?
0
Let f(h) = 4*h**3 + 4*h**2 + 23*h + 40. What is f(-2)?
-22
Let r(k) = -k**2 - 19*k + 30. Give r(-15).
90
Let q(o) = 5*o**3 + 3*o**2 + o + 8. What is q(-2)?
-22
Let z(w) = -157*w**2 - 486*w - 3. Determine z(-3).
42
Let h(t) = 9*t - 69. Determine h(14).
57
Let p(q) = -2*q**2 + 22*q + 1140. Give p(30).
0
Let q(u) = u**2 - 245*u - 1765. What is q(-7)?
-1
Let s(l) = -82*l - 348. Calculate s(-5).
62
Let q(w) = 3*w**2 + 85*w + 433. Give q(-5).
83
Let d(h) = -2*h**2 + 43*h + 36. What is d(19)?
131
Let d(x) = -x**2 + 45*x - 405. What is d(16)?
59
Let z(c) = -17*c + 371. Give z(-7).
490
Let a(j) = -13*j - 294. What is a(-24)?
18
Let c(p) = 40*p + 341. Give c(14).
901
Let b(m) = -2*m**2 + 225*m + 1679. Determine b(-7).
6
Let s(b) = 4*b**3 + 13*b**2 - 16*b. What is s(-4)?
16
Let a(g) = 5*g - 6. What is a(6)?
24
Let o(r) = 101*r + 94. Determine o(-1).
-7
Let r(u) = -182*u + 2734. Give r(15).
4
Let f(l) = -l**3 - 56*l**2 - 523*l + 226. What is f(-44)?
6
Let s(c) = -106*c + 416. What is s(4)?
-8
Let t(z) = z**3 + 28*z**2 + 92*z - 105. Determine t(-24).
-9
Let o(x) = -122*x + 992. Give o(8).
16
Let r(s) = -2*s**2 - 92*s - 813. Give r(-12).
3
Let a(l) = -4*l**2 + 284*l - 443. What is a(69)?
109
Let h(p) = -p**2 - 40*p - 304. Determine h(-18).
92
Let d(u) = 923*u - 164284. What is d(178)?
10
Let g(c) = -c**3 - 9*c**2 + 53*c + 4. Calculate g(-13).
-9
Let s(y) = -y**3 - 27*y**2 + 39*y + 45. Determine s(-28).
-263
Let z(q) = -41*q - 822. Calculate z(-20).
-2
Let s(f) = -15*f**3 + 106*f**2 - 2*f + 39. What is s(7)?
74
Let p(f) = f**2 + 7*f + 116. What is p(16)?
484
Let a(u) = -u**3 + 31*u**2 - 107*u - 29. Determine a(27).
-2
Let o(u) = u**3 - 106*u**2 + 93*u + 1199. What is o(105)?
-61
Let k(d) = -3*d**3 - 31*d**2 + 4*d + 21. Give k(-11).
219
Let b(j) = -j**3 + 27*j**2 + 38*j - 1674. Calculate b(26).
-10
Let v(t) = 8*t**3 - 921*t**2 + 111*t + 481. Calculate v(115).
21
Let t(z) = z**3 - z**2 + 33*z + 71. Determine t(-2).
-7
Let u(x) = -x**3 + x**2 - 3*x + 1. Determine u(-5).
166
Let h(z) = -639*z + 86. Give h(1).
-553
Let n(d) = -5*d**2 + 471*d - 937. What is n(2)?
-15
Let d(q) = q**2 - 39*q + 187. Give d(32).
-37
Let x(l) = -3*l**3 - 6*l**2 - 10*l + 21. Calculate x(-6).
513
Let i(u) = u**3 - 58*u**2 - 50*u - 4200. Determine i(60).
0
Let r(c) = c**3 + 62*c**2 + 134*c + 812. What is r(-60)?
-28
Let a(i) = 8*i**2 - 179*i + 75. Calculate a(22).
9
Let q(x) = 7*x**2 - 34*x + 11. Give q(4).
-13
Let j(c) = -191*c - 19286. Give j(-101).
5
Let l(r) = r + 8. Determine l(-2).
6
Let a(k) = 13*k - 1088. Calculate a(84).
4
Let q(x) = 18*x**3 + 4*x + 3. Give q(-1).
-19
Let n(a) = 1406*a - 2810. Give n(2).
2
Let l(z) = 4*z**2 - 16*z + 36. Give l(9).
216
Let k(r) = -r**3 - 53*r**2 + 169*r + 127. Determine k(-56).
71
Let x(u) = -u**3 - 9*u**2 + 226*u + 1842. Determine x(-16).
18
Let x(b) = -15*b + 272. Calculate x(15).
47
Let c(b) = b**2 + 17*b + 13. Determine c(-8).
-59
Let w(s) = -7*s**2 - 144*s - 212. Give w(-18).
112
Let f(w) = -2*w**3 + 14*w**2 - 2*w - 9. Calculate f(3).
57
Let w(h) = 2*h**2 + 14*h + 12. Calculate w(-6).
0
Let m(t) = -130*t**3 - 7*t**2 + 5*t. Give m(1).
-132
Let g(v) = -v**3 + 32*v**2 + 62*v - 114. Give g(34).
-318
Let i(k) = -2*k**3 + 21*k**2 - 96*k + 1182. Determine i(11).
5
Let f(d) = d**3 - 13*d**2 + 33*d - 224. Determine f(8).
-280
Let d(t) = -63*t - 2624. Determine d(-40).
-104
Let g(x) = -2*x**2 - 94*x - 747. What is g(-36)?
45
Let y(n) = 15*n**3 + 405*n**2 - 2*n - 14. Determine y(-27).
40
Let k(d) = 16*d + 548. Determine k(-32).
36
Let k(b) = -b**3 - 62*b**2 - 928*b - 58. Determine k(-25).
17
Let f(v) = -v**3 + 76*v**2 - 203*v - 59. Give f(3).
-11
Let z(t) = 7*t**2 - 52*t + 160. Calculate z(3).
67
Let w(g) = 71*g - 39. Calculate w(4).
245
Let z(c) = -c**3 - 23*c**2 - 88*c - 8. What is z(-18)?
-44
Let i(c) = 4*c**3 + 28*c**2 + 14*c - 2. Give i(-6).
58
Let s(l) = 2*l**2 + 48*l + 187. What is s(-4)?
27
Let h(q) = -q**2 - 276*q - 3672. Determine h(-14).
-4
Let p(d) = -261*d - 12248. Determine p(-47).
19
Let i(s) = -s**3 - 5*s**2 + 11*s + 145. Give i(-8).
249
Let t(z) = -484*z + 6317. What is t(13)?
25
Let g(c) = -c**3 - 7*c**2 + 27*c - 18. What is g(-10)?
12
Let o(z) = -5*z + 127. What is o(12)?
67
Let w(f) = 3*f**2 - 51*f - 254. Determine w(-8).
346
Let r(f) = -36*f - 1359. Calculate r(-38).
9
Let n(s) = 678*s + 137645. Give n(-203).
11
Let y(v) = v**3 + 38*v**2 + 146*v + 329. Give y(-34).
-11
Let u(y) = -2*y**3 + 75*y**2 - 98*y + 25. Calculate u(36).
385
Let v(p) = 4*p**2 - 54*p + 177. Give v(6).
-3
Let v(t) = 15315*t + 137829. What is v(-9)?
-6
Let p(z) = 361*z - 2518. Calculate p(7).
9
Let j(o) = -14*o**2 + 1247*o - 1315. Determine j(88).
5
Let p(g) = -2*g**3 - 3*g**2 + 22*g + 11. Determine p(-6).
203
Let o(m) = -m**3 - 41*m**2 - 150*m + 2. Calculate o(-4).
10
Let t(j) = -j**3 - 16*j**2 + 226*j + 33. What is t(-25)?
8
Let q(t) = t**3 - 11*t**2 + 65*t - 486. What is q(13)?
697
Let i(y) = -y**3 - 21*y**2 - 77*y - 168. What is i(-17)?
-15
Let q(f) = -f**3 + 13*f**2 + 5*f - 31. Give q(5).